*a - 31*a - 12 - 31*a - 6 - 4. Calculate c(-10).
28
Let z(g) = -927 - 32*g - g**2 + 2*g + 907. Give z(-27).
61
Let d(z) = -4*z**2 + 2*z + 2. Let m(g) = -15*g**2 - g + 11. Let j(n) = -4*d(n) + m(n). Calculate j(3).
-15
Let h(p) be the third derivative of p**5/60 + p**4/12 + 39*p**2. Let o(j) = j**2 + 1. Let m(r) = -h(r) + 2*o(r). What is m(4)?
10
Let v(r) = -r - 1. Suppose -g + 548 = -4*n - 3*g, g = 5*n + 685. Let u = -136 - n. What is v(u)?
-2
Let p be 14*(-12)/(-84) + 2. Let y(i) = -4*i**2 + 4*i. Determine y(p).
-48
Let a(w) = -29*w**3 - 3*w - 2. Let c(g) = g**3 + 48*g**2 + 44*g - 142. Let z be c(-47). Calculate a(z).
30
Let d = 208 + -181. Let x(s) = -28 - 2*s + s**2 + 85 - 31 - d. Calculate x(3).
2
Let g(l) = 4*l - 13. Let o(w) = w**2 + 44*w + 485. Let m be o(-20). Determine g(m).
7
Let a(p) = 2*p**2 - 2*p - 2. Let r be 10/(-9) - (14 + (-1651)/117). Calculate a(r).
2
Let q(b) = -b**2 + 25*b - 147. Let r be 12 + -4 + (2/12)/((-6)/(-72)). What is q(r)?
3
Let x be ((-16 - 2192/(-144))*-18)/(1/2). Let b(n) = -n**3 + 31*n**2 - 84*n - 10. What is b(x)?
-10
Let n be (-51)/(-9) + (-2254)/483. Let h(g) = -80*g**3 - g**2 + g. Determine h(n).
-80
Let q(v) be the first derivative of 5 - v + 24*v**2 - 12*v**2 - v**2. Calculate q(1).
21
Let z(p) = 1 + 0 - 76*p**2 + 57*p**2 + 35*p**2 + 1 + p. Calculate z(-1).
17
Let o(t) = -t**3 - 8*t**2 - 14*t - 18. Suppose 533*s + 1011 = -1038 - 83. Determine o(s).
-26
Let x(a) = 41*a**2 - 4*a + 12. Let s(p) = 31*p**2 - 5*p + 10. Let d(z) = 4*s(z) - 3*x(z). Calculate d(5).
-11
Let o(u) = -33*u + 17. Let s be o(-3). Let y = 108 - s. Let z(l) = l + 10. Determine z(y).
2
Let g(v) = 23*v**2 + 59*v - 13. Let c(i) = -6*i**2 + 2*i - 1. Let b(n) = -3*c(n) - g(n). Give b(-13).
16
Let s(a) be the third derivative of 7*a**5/12 - a**4/12 + 5*a**3/2 + 4*a**2 + 5. Let u(o) = 17*o**2 - o + 7. Let m(w) = -6*s(w) + 13*u(w). Calculate m(1).
11
Let x(n) be the second derivative of n**5/20 + 19*n**4/12 + 17*n**3/3 + 3*n**2/2 + 37*n + 2. What is x(-17)?
3
Let b be ((-884)/(-91) - 3) + (-6)/(-21). Let q(h) = h**3 - 5*h**2 - 14*h - 6. What is q(b)?
-6
Suppose 0 = 5*n - 5 - 5. Let h(d) = 6 + 2*d**3 - d**3 + 0*d**2 - n*d - 5*d**2. Let y(c) = c**2 - 19*c + 83. Let b be y(6). Calculate h(b).
-4
Let k(r) = -r**2 + 6*r - 9. Let z be k(3). Let l(g) = 1 - 4*g**2 - g**3 - g + g**2 + 2*g**2 + 2*g**2. What is l(z)?
1
Let u(m) = -709*m - 113 - 705*m + 1427*m. What is u(9)?
4
Let w(v) be the third derivative of v**6/120 - 7*v**5/60 + 3*v**4/8 - 7*v**3/2 - v**2. Let r(p) = -3*p**2 - 644*p + 2186. Let d be r(-218). What is w(d)?
-3
Let g(y) = 10*y**2 - 3*y - 6. Let f(d) = -27*d**2 + 10*d + 16. Let j(s) = -3*f(s) - 8*g(s). Suppose 3*m + m - 24 = 0. What is j(m)?
0
Suppose -2*x + 2*m = -14, 38*m - 36*m - 64 = -4*x. Let y(t) = -t**2 + 16*t - 30. What is y(x)?
9
Let n(z) be the first derivative of z**2/2 - 2*z + 1. Let f = -48 - -243. Let d be (8/(-10))/(39/f). Determine n(d).
-6
Let a(n) = -n**3 + 4 + 4759*n**2 - 6*n - 4751*n**2 - 6. Calculate a(1).
-1
Let b(s) = -s**2 - 19*s - 19. Suppose 102 = -13*q - 119. Determine b(q).
15
Let y = -2 + 3. Let b be (y + -2)/(3/(-9)). Let w(q) be the second derivative of -q**5/20 + q**4/3 - 2*q**3/3 + 3*q + 14. What is w(b)?
-3
Let m(x) = -3*x**3 + x**2 - 4*x + 3. Let b(n) be the third derivative of -n**6/120 + n**5/60 + n**4/24 + 31*n**2. Let l(c) = -2*b(c) - m(c). Calculate l(2).
29
Suppose 0 = -f + 5*f. Let g(i) = f*i + 0*i + i - 10 + 3. Let u be (-1 + 2)*(-93 - -100). What is g(u)?
0
Let f(l) be the third derivative of l**5/60 - 11*l**4/24 - 25*l**3/2 - 1570*l**2. Determine f(-5).
5
Suppose -40*u + 5606 = -17754. Let q = u - 585. Let c(i) = 7*i + 1. Give c(q).
-6
Let b(y) = -6*y**2 - 25*y + 27. Let j(c) = -8*c**2 - 37*c + 38. Let a(o) = -7*b(o) + 5*j(o). What is a(4)?
-7
Let n be (174/(-3))/((-4)/2). Let y = 32 - n. Let u(i) = -i**3 + 5*i**2 - 5*i + 3. Determine u(y).
6
Let y = -98 - -116. Suppose 13*k - y = 7*k. Suppose k*v - 45 = 5*j, 3*j - 7*v = -3*v - 16. Let m(l) = l**2 + 12*l - 3. Calculate m(j).
-3
Let n(k) = -k**3 + 4*k**2 + 4*k - 30. Let a = 1410 + -1404. Give n(a).
-78
Let q(d) = -8*d**3 - 2*d**2 - d. Let x = -300 + 300. Suppose -5*l - r - 5 = x, -3 = -3*l - r - 6. What is q(l)?
7
Let o(q) = -3*q + 2. Let s be o(3). Let v(k) = 2 - k**3 - 22622*k**2 + 22614*k**2 - 42*k + 34*k. Determine v(s).
9
Let f(g) = 0*g + g + 1 + 4*g + g**2. Let u(k) = -2*k**3 - 253*k**2 + 363*k - 2691. Let v be u(-128). Give f(v).
-5
Let z be (-5)/((1/6)/(11/33)). Let u be (6 + -10)*z/4. Let q(m) = -u*m - 1 - 13*m + 27*m. Give q(4).
15
Let r be 90/8 - 1/4. Let z(k) = 11 - 468*k + 1435*k - 494*k - 474*k. Calculate z(r).
0
Let t be 17 + 4*(3 - (-276)/(-48)). Let c(n) be the first derivative of n**3/3 - 3*n**2 + 2*n + 2. Give c(t).
2
Let j(b) = b - 2. Let k be 2 - 32/20 - 1683/(-5). Let c = k + -328. What is j(c)?
7
Let a(h) = -h**3 - 8*h**2 - 7*h. Let s(l) = l**2 + 16*l + 2. Let t be s(-16). Suppose 0 = -t*x - 3 - 11. Determine a(x).
0
Let t(n) = -43 - 32 - 124*n - 20 + 139*n + 15. Determine t(6).
10
Let p(f) be the second derivative of -f**4/12 + 7*f**3/6 + 395*f + 3. Determine p(6).
6
Let f(n) = 0*n + n - 144491 + 144499. Let u(h) = -6*h + 2. Let c be u(1). Determine f(c).
4
Let h be 13 - (0 - -8 - -2). Let t(g) = 11*g - 24. Determine t(h).
9
Suppose 5*d - 4*i = -26, 0 = 3*d - 4*i - 17 + 39. Let p(u) = -4*u**2 - 3 + 3*u - 5*u + 3*u**2. Determine p(d).
-3
Suppose 61 - 97 = -3*c. Let b(z) = 2*z**2 - 23*z - 11. Let j be b(c). Let y(q) = 14*q + 1. What is y(j)?
15
Suppose 114*z - 127*z = 13. Let f(g) = -25*g - 22. Calculate f(z).
3
Suppose 3*k + 2190 = 6*h + 2226, -4*k - 4*h = 0. Let m(v) = v + 5. Let p(x) = 1. Let u(o) = -m(o) + p(o). Give u(k).
-8
Let s be 6365/45828*(13/10 - 1). Let d(w) be the third derivative of 0*w - 14*w**2 - 2/3*w**3 + 0 + s*w**4. What is d(5)?
1
Suppose -2*w = -3*w + 1. Let t be w/(5/10*1). Let g(x) = x + t + 7 - 16 + 10. Determine g(-4).
-1
Let p(z) be the second derivative of z**4/12 + z**3 - 3*z**2 - z. Let a be -6*(102/272 - -3*10/48). Calculate p(a).
-6
Let o(g) = g**3 - 6*g**2 + 4*g + 7. Let u(t) = -23*t - 270. Let i be u(-12). What is o(i)?
31
Suppose 0 = 2*o + 17 - 29. Let i be (-1)/2 - 30/(-12). Suppose -o*m = -i - 16. Let y(h) = -4*h + 3. Determine y(m).
-9
Suppose -47*w = -18*w - 40*w - 186*w. Let c(q) be the third derivative of 14*q**2 + w - 1/6*q**3 + 0*q - 1/6*q**4 - 1/30*q**5. Determine c(-4).
-17
Let r(m) = -m**3 + 25*m**2 + 25*m - 13. Let h be (-26)/(-3)*(100/400)/((-1)/(-12)). Give r(h).
-39
Suppose 3*p + 41 = -4*j, -76*p + 81*p = -5*j - 60. Let n(b) = 6*b + 4. Let f(c) = -2*c - 1. Let g(u) = 17*f(u) + 6*n(u). Give g(j).
-3
Let c(r) = 30*r - 102. Let q(m) = -26*m + 89. Let g(u) = 7*c(u) + 8*q(u). Let o be 2/(-14) - (-180)/(-63). Give g(o).
-8
Let o(x) = -2*x - 2*x**2 - 21000*x**3 - 19 - x + 20999*x**3. Calculate o(0).
-19
Let q(o) = -o**3 + 12*o**2 + 4. Let r = -58 - -52. Let t be ((-106)/3)/(r/72*-4). Let w = t - -118. What is q(w)?
4
Suppose -2*p = p - 54. Let j be 4/p + (-2)/9. Let i(y) = 149*y - 2. Let z(d) = 1042*d - 20. Let s(v) = 7*i(v) - z(v). Give s(j).
6
Let k(m) = -3*m**2 + 3*m - 3. Let a be k(2). Let u(l) = 2*l - 25. Let c(w) = 2*w - 33. Let r(o) = 4*c(o) - 5*u(o). Determine r(a).
11
Let m(s) = 6*s - 115. Suppose 0 = 2*g + 2*x - 56, -15*x + 122 = 5*g - 13*x. Calculate m(g).
17
Let b(x) be the first derivative of x**4/24 + x**3/2 + x**2 + 2*x + 42. Let i(r) be the second derivative of b(r). Let f = -2 - -6. What is i(f)?
7
Let a(d) = -24*d - 75322 + 75313 + 5*d**2 - 6*d. Determine a(6).
-9
Let r(w) be the first derivative of w**6/360 + 7*w**5/120 - 11*w**4/24 - 94*w**3/3 + 85. Let o(u) be the third derivative of r(u). Determine o(-9).
7
Let a be (10*1)/(48/96). Suppose -f + 24 - a = 2*g, 0 = -f - 4. Let m(d) = d**3 - 3*d**2 - d + 1. Determine m(g).
13
Let a(s) be the second derivative of -s**5/20 + 5*s**4/12 + s**2 + 624*s. What is a(5)?
2
Suppose 27*d = 39*d - 36. Let j(f) = 3*f - 8 - 4*f + d*f - 3. Determine j(0).
-11
Suppose 73 = -31*v - 113. Let h(y) = 10*y + 62. Calculate h(v).
2
Let y(m) = m**3 + 5*m**2 + 19*m + 27. Let b be y(-3). Let n(j) = -j**3 - 12*j**2 - 17. What is n(b)?
-17
Let i(w) = -27*w + 32*w - 19*w + 22*w**2 + 30 + 8*w**3. Let q(m) = 3*m**3 + 7*m**2 - 5*m + 10. Le